 be ((-96)/30)/(4/(-10)). Suppose -35*r + m = -31*r. Suppose -2*w - r*g + g = -618, 0 = w + 5*g - 327. Is w a composite number?
False
Suppose p - i = -p + 7, 4*i - 7 = p. Let b(d) = 643*d + 9. Let h be b(p). Let l = h + -1407. Is l prime?
False
Let c = -3470 - 319. Let z = 5510 + c. Is z composite?
False
Suppose -4*u - 537 = -9*u - 3*z, 5*z = 4*u - 437. Suppose b = u + 392. Let r = b + 651. Is r prime?
True
Let b = 166 - 159. Let k(r) = 2*r**3 - 7*r**2 - 2*r - 3. Is k(b) a composite number?
True
Suppose -8*a = -46 + 38. Let v(y) = 1397*y. Is v(a) prime?
False
Is 180/(-315) + (-118)/14 - -352132 a composite number?
False
Let j(p) = 19955*p + 3018. Is j(19) a prime number?
True
Suppose 3*s - 337 = 5*u + 5*s, 0 = 4*u - 4*s + 292. Let r = u - -91. Suppose -r*o + 14130 = -4*o. Is o prime?
False
Let x(t) = -356*t - 26. Let r be x(6). Let h = 1070 - 2031. Let c = h - r. Is c a prime number?
True
Is 3 - (112 + -122)*1*(3012 - -1) a composite number?
False
Let b = -100875 + 180008. Is b a composite number?
False
Suppose 18*q = 5*q + 95121. Suppose q = k + 2*d, -6*d + 10*d = 16. Is k composite?
False
Suppose 7*a + 47 = 3*p + 8*a, 15 = p + a. Let q(s) = 3*s**2 - 20*s + 51. Is q(p) prime?
True
Suppose 0 = -7*f + 16455 + 2536. Let r = 1092 + f. Is r composite?
True
Let b(z) = 8*z**2 - 12*z + 16. Let y(m) = -3*m**2 + 4*m - 5. Let c = 38 + -42. Let a(k) = c*b(k) - 11*y(k). Is a(-8) a prime number?
True
Suppose -11*t + 9*t = -108. Let u = t + -51. Suppose 0 = -3*h + 2*l + 4023, -5*h + 0*l + 6706 = -u*l. Is h a prime number?
False
Let j = 412 - 418. Is -5*(-4)/j*(-3261)/2 a composite number?
True
Suppose 5*t + 5*n + 1520 - 75005 = 0, -5*n + 20 = 0. Is t prime?
False
Is (-43010800)/(-4144) + 4/(-74) prime?
False
Let z(m) = 4*m**2 - 4*m - 4. Let f be z(-2). Let d = f - 27. Let l(k) = -5*k**3 - 3*k**2 + 10*k - 17. Is l(d) composite?
False
Suppose -151 = 16*z - 23. Is (-30628)/z + (-4)/(-8)*-3 composite?
True
Let b(z) = 5*z**3 - 7*z**2 + z - 2. Let f(u) = -6*u**3 + 7*u**2 + 2. Let h(k) = -7*b(k) - 6*f(k). Let j be h(-8). Is (-2)/(j/(-548)*(-8)/30) a composite number?
True
Let c = 137 + -141. Let z(v) = 109*v**2 + 9*v + 19. Is z(c) a prime number?
False
Suppose -22173 = 33*g + 234076 - 3049006. Is g a composite number?
False
Suppose 2*g - 100712 = b, 5*b + 156017 = 3*g + 4970. Is g a composite number?
False
Let t(u) = -u**2 - 7*u - 23. Let i be t(-3). Let f be (-1 + 1 - 1)*i. Is (-2 - (-1 - 1907))*f/22 a composite number?
False
Let t be 1/(-3) - 12373/(-3). Suppose -2*n - 154*s = -155*s - 4780, -2389 = -n + s. Let y = t - n. Is y composite?
False
Let d be 2/(-3)*9/(-3). Let c(h) = -h**3 + 15*h**2 + 4*h - 23. Let n be c(-6). Is 0 + d + (n - -10) composite?
True
Suppose a + 9 = 6*a - b, -b = 4*a - 9. Suppose d = -4*r + 225, 2*r + 525 = 2*d + 95. Suppose 0*o + 4*n = -3*o + d, -a*o = -n - 141. Is o prime?
True
Suppose h - 4*f = 17248, -h - f + 17248 = -6*f. Let t = h - 10133. Is t composite?
True
Let s(x) = -153 - 292 + 590*x + 166. Is s(6) a prime number?
False
Let g = -113 + 109. Is 13*(-63675)/(-35) + g/(-14) a composite number?
True
Is 40301785/(-122)*9/(135/(-6)) prime?
True
Is (-1 - 1082372/(-10)) + (-606)/505 prime?
False
Suppose 3*x - 780 = 6867. Let u = x - 1646. Let m = -96 + u. Is m a prime number?
False
Let x = 18599 - -4314. Is x composite?
True
Let o be (0 + 1 + -1)*-1. Let d(p) = p**3 + 45*p**2 + 6*p + 31. Let f be d(-39). Suppose o = 15*g - 38518 + f. Is g prime?
True
Let i be 6845*1*(0 - (-8)/20). Let t = -607 - i. Let l = -2154 - t. Is l composite?
True
Suppose 31*x - 36*x - 625 = l, -2*x + 1202 = -2*l. Let a = l - -3756. Is a composite?
True
Suppose -27*j + 5*m - 1014575 = -32*j, -m = -5*j + 1014527. Is j a composite number?
False
Suppose -18*x + 3592186 = 11*x - 3*x. Is x a prime number?
False
Let y(w) = -12*w - 2. Let o be y(2). Let f = -24 - o. Suppose -3*h - 2716 = -f*n, n + h - 1351 = 6*h. Is n a composite number?
False
Suppose -80*o = 194*o - 26*o - 229957752. Is o a composite number?
True
Let m = 128572 + 139741. Is m prime?
False
Let n = 29471 + -20517. Let f = 16151 - n. Is f a prime number?
False
Suppose -5 = -5*y, 3*u - 3 = -4*y + 7*y. Suppose -2178 = -u*d - 4*a, 9*d - 4*a = 5*d + 4416. Is d composite?
True
Suppose -4*n - 3103 = -5*n. Let g = n + 592. Is g a composite number?
True
Suppose 2928 = -5*v + 3*w, 3*w + 600 = -v - 0*w. Suppose 10*g - 10453 - 2157 = 0. Let h = v + g. Is h composite?
False
Let n(c) = 8*c**2 + 7*c - 18. Let f(u) = 17*u**2 + 11*u - 35. Let k(j) = -4*f(j) + 9*n(j). Suppose -52 = 2*p - 6*p. Is k(p) a composite number?
True
Suppose 3*x = 1 - 1. Suppose s + 0*t - 2 = -2*t, 4*t = x. Suppose -2650 - 996 = -s*z. Is z prime?
True
Suppose -1293*m - 4660 = -1303*m. Let d(a) = -33*a**2 - 6*a - 6. Let p be d(5). Let t = m - p. Is t a composite number?
False
Suppose 24*d - 27*d = -37023. Let l = d - 7020. Is l a composite number?
True
Is (-261115)/((-135)/9 - -14) composite?
True
Let b = -1211320 + 1919397. Is b a prime number?
False
Let c be (-11 - (-62)/14) + 8/14. Let z(b) = -81*b**3 - 4*b**2 + 15*b - 11. Is z(c) prime?
False
Suppose 0 = -3*j + z + 2453 + 29785, 2*j + z - 21487 = 0. Suppose 3*d - j = 2*d. Is (-18)/15*d/(-14) prime?
False
Suppose -5*b = 2*o - 365611, -4*b + 292490 = 2*o - 0*o. Is b a prime number?
True
Suppose 1477793 - 422495 = 21*r - 15*r. Is r composite?
True
Suppose -119716 = -2*n + 5*j, -313 = n - 3*j - 60170. Is n a prime number?
True
Suppose -202 = 3*f - 202. Suppose -3*k + 2*q + 1222 + 261 = 0, f = 2*k + 5*q - 957. Is k a prime number?
True
Is (4853 + 36)/(5 + (-204)/41) a composite number?
True
Suppose -p + 2*c + 1489 + 4490 = 0, p + 2*c = 5991. Suppose 0 = -6*y + 3*y - p. Let h = y - -3812. Is h a prime number?
False
Let m(d) = 10 - 2*d - 12 + d**2 + 0*d + d. Let g be m(0). Is (-2)/g + 144 + (34 - 36) prime?
False
Let k(f) = 14786*f**2 + 26*f + 25. Is k(-1) a composite number?
True
Suppose 0 = 4*u - 2*j - 10, 2*j - 2 - 4 = 0. Let o(l) = -52*l + 1357. Let x be o(26). Suppose -2*p - u*g - g = -2908, -5*p + 7305 = -x*g. Is p a prime number?
True
Suppose 0 = 197*p - 917688 - 193195. Is p a composite number?
False
Let n = -111 - -30. Suppose -r - 3*y + 278 = 0, -2*r + 546 = y - 0*y. Let q = r + n. Is q prime?
True
Let s(y) = -1266*y + 1397. Is s(-14) composite?
False
Suppose 0 = -2*b - 4*a + 5646, 0 = -2*b - b - 3*a + 8478. Let y = b - 1622. Suppose -1231 - 750 = -5*m + o, 3*m + 4*o = y. Is m a prime number?
True
Suppose 16066 - 81069 = -d + 3*c, -5*d = 3*c - 325087. Is d composite?
True
Suppose 0 = -24*l - 25*l + 75*l - 8695414. Is l composite?
True
Let m be (-1 - -1) + (-21)/(-7) + 2. Suppose m*a - 1105 = 10*a. Let w = -118 - a. Is w a prime number?
True
Let k(s) = 1221*s - 68. Let u be k(4). Suppose -6*v = -u - 94802. Is v composite?
False
Let x(b) = -b**3 + 2*b**2 + 5*b - 6. Let h be x(3). Let g(v) be the third derivative of -v**4/3 + 191*v**3/2 - 3*v**2 + 1. Is g(h) composite?
True
Let c(r) be the first derivative of 484*r**3/3 + 9*r**2/2 - 32*r + 118. Is c(3) a composite number?
True
Let y be 6 - -2*(-12)/(-8). Suppose 6*r + 5475 = y*r. Suppose 4*z = -z + r. Is z a composite number?
True
Is 8798 + 8/((-48)/(-30)) composite?
False
Let o(n) = -16*n**2 + 3*n**2 + n**2 - 15 + 9*n**2 + 3*n**3 - 5*n - 6*n. Is o(11) composite?
True
Is (-115)/(-46)*(-1287606)/(-15) composite?
True
Let w = 465 - -627. Let l = -119 + w. Is l prime?
False
Let s be 1 - -4 - 4 - (-88)/2. Let n = -45 + s. Suppose n*q + k = -q + 494, 4*q = -5*k + 1979. Is q prime?
True
Suppose -10*w + 8*w - 2*c + 54 = 0, 5*w + 3*c = 133. Is (3207 - w)/((-1)/(-7)) a prime number?
False
Suppose 7*q - 2*q - 15 = 0. Suppose q*z - 1229 = 5068. Is z a composite number?
False
Is 104/50 - 2 - 526816683/(-6775) composite?
True
Is (-5 - (532554 + -6))*1/(-7) composite?
False
Let g(b) = 611*b + 21. Let s be g(5). Suppose -5*l = -u - 14469, -4*u + s = 5*l - 11373. Is l a composite number?
True
Suppose 2527*d - 6017556 = 2515*d. Is d prime?
True
Suppose 0 = 23*n + 734614 - 831613 - 1671862. Is n composite?
False
Suppose -3*u = 4*n - 5, -4*n + 2*u + 1 = -9. Let b be (-1)/1 - -630 - (-2)/n. Suppose -7*q + 3*q - 2*d = -b, 3*q - 476 = -5*d. Is q a composite number?
False
Let y be 1 - (-74)/8 - 9/36. Suppose o - 4 = 3*a - 0, -5*a - y = 0. Is (10/(-15))/(o/4227)